 5960042?
2, 11, 139, 1949
What are the prime factors of 642999707?
7, 23, 337, 1693
What are the prime factors of 30435260?
2, 5, 1521763
List the prime factors of 203506513.
7, 137, 212207
List the prime factors of 470114394.
2, 3, 3119, 25121
What are the prime factors of 450828628?
2, 112707157
What are the prime factors of 3514466279?
8353, 420743
What are the prime factors of 452425813?
7, 64632259
What are the prime factors of 63140070?
2, 3, 5, 7, 300667
What are the prime factors of 164315123?
7, 23473589
What are the prime factors of 139996143?
3, 7, 563, 3947
What are the prime factors of 89322857?
13, 19, 83, 4357
What are the prime factors of 4999757866?
2, 6569, 380557
List the prime factors of 785860118.
2, 317, 1039, 1193
List the prime factors of 343316882.
2, 171658441
List the prime factors of 3015346.
2, 23, 65551
What are the prime factors of 4353006924?
2, 3, 7, 2467691
What are the prime factors of 36122061?
3, 911, 13217
What are the prime factors of 294803952?
2, 3, 97, 63317
List the prime factors of 661188811.
397, 569, 2927
What are the prime factors of 79881929?
17, 59, 73, 1091
What are the prime factors of 136262595?
3, 5, 7, 1297739
What are the prime factors of 837779188?
2, 4507, 46471
List the prime factors of 615731805.
3, 5, 13, 1052533
List the prime factors of 682309926.
2, 3, 17, 43721
What are the prime factors of 1043345918?
2, 23, 22681433
List the prime factors of 28545268.
2, 7136317
List the prime factors of 9322192.
2, 11, 52967
What are the prime factors of 113731168?
2, 3554099
List the prime factors of 32873802.
2, 3, 13, 421459
List the prime factors of 24616465.
5, 4923293
What are the prime factors of 32896463?
23, 1430281
What are the prime factors of 395238966?
2, 3, 71, 927791
List the prime factors of 38264438.
2, 37, 517087
What are the prime factors of 296442166?
2, 113, 1311691
What are the prime factors of 913371157?
913371157
What are the prime factors of 2203913015?
5, 23, 113, 181, 937
What are the prime factors of 600952266?
2, 3, 53, 629929
What are the prime factors of 663945310?
2, 5, 7, 19, 53, 9419
What are the prime factors of 489449317?
7, 379, 184489
What are the prime factors of 226980093?
3, 137, 552263
What are the prime factors of 1676130901?
157, 1409, 7577
List the prime factors of 833770482.
2, 3, 31, 4482637
What are the prime factors of 195031064?
2, 1471, 16573
List the prime factors of 3452601898.
2, 23, 97, 773779
List the prime factors of 50716074.
2, 3, 107, 197, 401
List the prime factors of 1473869068.
2, 7, 61, 862921
List the prime factors of 97710107.
11, 109, 227, 359
What are the prime factors of 274437441?
3, 73, 137, 3049
What are the prime factors of 14276542?
2, 7, 145679
What are the prime factors of 157111463?
137, 1146799
List the prime factors of 2573563244.
2, 7, 43, 59, 36229
What are the prime factors of 153009477?
3, 1091, 15583
List the prime factors of 2814986051.
2814986051
List the prime factors of 5993850605.
5, 1198770121
List the prime factors of 222515171.
222515171
List the prime factors of 1617040785.
3, 5, 37, 2913587
What are the prime factors of 85397238?
2, 3, 71, 66821
What are the prime factors of 2094034080?
2, 3, 5, 19, 23, 67, 149
What are the prime factors of 152624842?
2, 31, 53, 46447
What are the prime factors of 960874189?
11, 65629
What are the prime factors of 316339199?
11, 28758109
What are the prime factors of 74781796?
2, 19, 31, 31741
List the prime factors of 103623520.
2, 5, 7, 11, 13, 647
What are the prime factors of 84477554?
2, 7, 89, 151, 449
What are the prime factors of 39889017?
3, 7, 70351
List the prime factors of 327049105.
5, 37, 1767833
What are the prime factors of 940183244?
2, 7, 11, 13, 234811
What are the prime factors of 92454264?
2, 3, 7, 47, 1301
List the prime factors of 4445228813.
4445228813
List the prime factors of 647936211.
3, 13, 16613749
List the prime factors of 12286977.
3, 19, 157, 1373
List the prime factors of 1135440539.
1135440539
List the prime factors of 7058374174.
2, 3529187087
List the prime factors of 730425849.
3, 521, 557, 839
What are the prime factors of 511431656?
2, 63928957
List the prime factors of 203429172.
2, 3, 1373, 12347
What are the prime factors of 237600742?
2, 118800371
What are the prime factors of 139780738?
2, 69890369
What are the prime factors of 87895324?
2, 11, 1091, 1831
List the prime factors of 42512285.
5, 41, 207377
List the prime factors of 3007053100.
2, 5, 107, 281033
What are the prime factors of 5631519?
3, 179, 10487
List the prime factors of 1503734436.
2, 3, 13923467
What are the prime factors of 95715243?
3, 13, 272693
What are the prime factors of 54079475?
5, 967, 2237
List the prime factors of 5443497744.
2, 3, 89, 1274227
What are the prime factors of 9611639?
269, 35731
What are the prime factors of 562142378?
2, 7, 40153027
What are the prime factors of 206679168?
2, 3, 79, 757
List the prime factors of 1561577086.
2, 41, 19043623
List the prime factors of 7788317.
7788317
List the prime factors of 117517596.
2, 3, 7, 1399019
What are the prime factors of 44787519?
3, 7, 97, 349
What are the prime factors of 359980522?
2, 11, 16362751
List the prime factors of 37466378.
2, 18733189
What are the prime factors of 1755448744?
2, 7, 3079, 10181
What are the prime factors of 3633160981?
19, 1669, 114571
What are the prime factors of 4251438566?
2, 53, 40107911
List the prime factors of 3396914285.
5, 79, 1117, 7699
List the prime factors of 22675483.
71, 521, 613
List the prime factors of 110552510.
2, 5, 31, 356621
What are the prime factors of 93833769?
3, 179, 174737
What are the prime factors of 981509363?
981509363
What are the prime factors of 1010356988?
2, 17, 14858191
List the prime factors of 492544697.
79, 6234743
What are the prime factors of 1272228737?
13, 97863749
List the prime factors of 40197696.
2, 3, 7, 11, 2719
What are the prime factors of 796056942?
2, 3, 132676157
List the prime factors of 4236217302.
2, 3, 73, 1297, 7457
List the prime factors of 991830876.
2, 3, 163, 507071
List the prime factors of 65347992.
2, 3, 19, 15923
List the prime factors of 124516886.
2, 13, 523, 9157
What are the prime factors of 75594279?
3, 25198093
What are the prime factors of 1671416048?
2, 104463503
What are the prime factors of 303505577?
303505577
List the prime factors of 62791650.
2, 3, 5, 139537
List the prime factors of 1991949639.
3, 263, 2524651
What are the prime factors of 116843184?
2, 3, 811411
List the prime factors of 4544249597.
4544249597
List the prime factors of 1075387205.
5, 509, 422549
List the prime factors of 2461805981.
2461805981
What are the prime factors of 99453988?
2, 887, 28031
What are the prime factors of 83874050?
2, 5, 13, 129037
List the prime factors of 102893634.
2, 3, 1409, 4057
What are the prime factors of 2825811007?
49627, 56941
What are the prime factors of 1230495198?
2, 3, 41, 577, 8669
List the prime factors of 923892479.
37, 653, 38239
What are the prime factors of 1546419728?
2, 7, 19, 726701
List the prime factors of 139584109.
7, 2609, 7643
List the prime factors of 2686818467.
43591, 61637
What are the prime factors of 414382982?
2, 13, 41, 388727
What are the prime factors of 80154586?
2, 23, 599, 2909
What are the prime factors of 2157859781?
7, 11, 28024153
List the prime factors of 37025741.
67, 199, 2777
List the prime factors of 233903743.
809, 289127
What are the prime factors of 1115473850?
2, 5, 19, 113, 10391
What are the prime factors of 4939075?
5, 31, 6373
What are the prime factors of 2580627263?
29, 88987147
List the prime factors of 2439815557.
37, 65940961
List the prime factors of 5378815917.
3, 597646213
List the prime factors of 7473512463.
3, 2491170821
What are the prime factors of 1161859623?
3, 387286541
What are the prime factors of 109477288?
2, 47, 491, 593
What are the prime factors of 52004285?
5, 883, 11779
List the prime factors of 95501353.
19, 59, 85193
List the prime factors of 51672725.
5, 13, 158993
List the prime factors of 89819689.
1031, 87119
What are the prime factors of 119354630?
2, 5, 11935463
What are the prime factors of 86545973?
617, 140269
List the prime factors of 349451733.
3, 41, 2841071
What are the prime fact